
What is the highest common factor of 264 and 2728?
88
What is the greatest common factor of 130 and 320?
10
What is the greatest common divisor of 1239 and 354?
177
What is the greatest common factor of 120 and 780?
60
Calculate the greatest common factor of 21 and 175.
7
What is the highest common divisor of 30 and 7365?
15
What is the greatest common factor of 76 and 228?
76
What is the highest common factor of 364 and 14?
14
Calculate the greatest common divisor of 145 and 565.
5
Calculate the greatest common factor of 11289 and 477.
159
What is the highest common factor of 493 and 87?
29
Calculate the greatest common factor of 2 and 18.
2
What is the highest common factor of 13 and 1391?
13
What is the highest common divisor of 552 and 72?
24
Calculate the highest common divisor of 88 and 24.
8
What is the highest common divisor of 111 and 81?
3
What is the highest common factor of 10 and 35830?
10
Calculate the greatest common divisor of 13 and 481.
13
What is the highest common divisor of 208 and 312?
104
What is the highest common factor of 561 and 4587?
33
Calculate the greatest common divisor of 16 and 106.
2
Calculate the greatest common divisor of 32307 and 89.
89
What is the highest common factor of 905 and 1629?
181
Calculate the highest common divisor of 243 and 189.
27
What is the highest common divisor of 100 and 60?
20
What is the highest common factor of 24 and 204?
12
Calculate the greatest common factor of 414 and 18.
18
What is the highest common factor of 1062 and 396?
18
Calculate the highest common divisor of 6 and 3120.
6
What is the highest common divisor of 1526 and 14?
14
Calculate the highest common divisor of 27 and 6.
3
What is the greatest common divisor of 1925 and 110?
55
What is the greatest common factor of 30 and 40?
10
What is the highest common factor of 416 and 32?
32
What is the greatest common factor of 336 and 3192?
168
Calculate the greatest common divisor of 882 and 36.
18
What is the greatest common divisor of 36 and 4815?
9
What is the highest common factor of 336 and 1200?
48
Calculate the greatest common factor of 59 and 6431.
59
Calculate the highest common factor of 41 and 451.
41
Calculate the highest common factor of 990 and 110.
110
What is the highest common divisor of 1824 and 19?
19
Calculate the highest common divisor of 460 and 4945.
115
What is the highest common divisor of 923 and 781?
71
What is the highest common divisor of 3 and 2217?
3
Calculate the highest common factor of 8 and 229.
1
Calculate the greatest common factor of 468 and 390.
78
Calculate the greatest common factor of 15638 and 14.
14
Calculate the highest common factor of 220 and 540.
20
What is the highest common divisor of 2853 and 144?
9
Calculate the highest common divisor of 1808 and 16.
16
Calculate the highest common divisor of 1742 and 26.
26
Calculate the highest common divisor of 33 and 87.
3
What is the highest common divisor of 276 and 69?
69
Calculate the highest common divisor of 234 and 162.
18
What is the greatest common factor of 165 and 275?
55
What is the greatest common divisor of 2060 and 20?
20
Calculate the greatest common factor of 130 and 590.
10
What is the highest common divisor of 500 and 875?
125
What is the greatest common divisor of 30 and 3?
3
Calculate the highest common factor of 67 and 24455.
67
What is the greatest common factor of 224 and 1036?
28
Calculate the highest common divisor of 104 and 6344.
104
Calculate the greatest common factor of 1728 and 84.
12
What is the greatest common factor of 138 and 230?
46
Calculate the greatest common factor of 614 and 6.
2
What is the highest common divisor of 3225 and 75?
75
Calculate the highest common factor of 14881 and 46.
23
What is the greatest common factor of 59 and 236?
59
Calculate the greatest common factor of 43 and 731.
43
What is the highest common divisor of 2048 and 6?
2
Calculate the greatest common divisor of 2394 and 126.
126
Calculate the highest common factor of 112 and 7504.
112
What is the highest common divisor of 53 and 8851?
53
What is the highest common divisor of 12 and 117?
3
What is the greatest common factor of 102 and 34017?
51
Calculate the highest common factor of 7 and 224.
7
What is the highest common divisor of 4 and 668?
4
Calculate the highest common divisor of 18 and 7146.
18
What is the highest common divisor of 600 and 6200?
200
What is the greatest common factor of 1026 and 108?
54
Calculate the highest common factor of 515 and 40.
5
What is the greatest common divisor of 23 and 736?
23
Calculate the greatest common divisor of 9 and 2979.
9
Calculate the greatest common divisor of 112 and 37744.
112
Calculate the highest common factor of 100 and 14450.
50
Calculate the greatest common divisor of 29 and 8497.
29
What is the greatest common factor of 970 and 540?
10
Calculate the highest common divisor of 56 and 21.
7
Calculate the highest common divisor of 28 and 11774.
14
Calculate the greatest common divisor of 72 and 213.
3
What is the greatest common factor of 649 and 22?
11
What is the greatest common divisor of 2 and 150?
2
What is the greatest common divisor of 3182 and 296?
74
Calculate the greatest common factor of 14 and 791.
7
What is the greatest common factor of 6 and 6654?
6
What is the highest common factor of 3 and 5?
1
What is the greatest common factor of 238 and 170?
34
What is the greatest common divisor of 108 and 63?
9
Calculate the highest common divisor of 3 and 183.
3
Calculate the highest common divisor of 1984 and 8.
8
What is the greatest common divisor of 98 and 238?
14
Calculate the highest common factor of 264 and 72.
24
What is the highest common factor of 108 and 4?
4
Calculate the highest common factor of 385 and 55.
55
Calculate the greatest common divisor of 56 and 31388.
28
Calculate the greatest common factor of 605 and 44.
11
What is the highest common divisor of 264 and 627?
33
What is the highest common factor of 4932 and 90?
18
What is the highest common divisor of 66 and 253?
11
Calculate the highest common divisor of 1395 and 1620.
45
Calculate the highest common factor of 20 and 3470.
10
Calculate the highest common factor of 2057 and 187.
187
Calculate the highest common factor of 112 and 791.
7
Calculate the highest common factor of 508 and 8.
4
What is the highest common factor of 76 and 5111?
19
Calculate the greatest common factor of 135200 and 16.
16
What is the highest common factor of 137 and 46991?
137
Calculate the highest common factor of 6804 and 84.
84
Calculate the highest common divisor of 8 and 2.
2
What is the highest common divisor of 396 and 6633?
99
What is the greatest common factor of 15 and 480?
15
What is the greatest common factor of 1974 and 168?
42
What is the highest common factor of 792 and 11736?
72
What is the greatest common divisor of 1505 and 20?
5
Calculate the greatest common factor of 158 and 237.
79
What is the highest common divisor of 39 and 3?
3
What is the greatest common divisor of 13 and 2327?
13
What is the greatest common factor of 4579 and 38?
19
What is the greatest common factor of 20 and 310?
10
Calculate the greatest common factor of 32 and 16.
16
What is the greatest common divisor of 10 and 125?
5
Calculate the highest common divisor of 29 and 87.
29
Calculate the highest common factor of 23 and 253.
23
What is the greatest common divisor of 31032 and 216?
72
Calculate the highest common factor of 3885 and 140.
35
Calculate the greatest common factor of 8120 and 98.
14
What is the highest common divisor of 7175 and 2009?
287
Calculate the highest common divisor of 12 and 3558.
6
Calculate the greatest common divisor of 2965 and 5.
5
Calculate the greatest common divisor of 129 and 4343.
43
Calculate the greatest common divisor of 8920 and 10.
10
Calculate the greatest common divisor of 4450 and 40.
10
What is the greatest common divisor of 76 and 1805?
19
What is the greatest common factor of 21 and 42?
21
What is the greatest common factor of 2 and 194?
2
Calculate the greatest common factor of 12994 and 146.
146
What is the greatest common divisor of 58 and 551?
29
Calculate the highest common factor of 1 and 12.
1
What is the highest common divisor of 111 and 1924?
37
What is the greatest co